the ten millions digit of 1825120592?
2
What is the tens digit of 15938216?
1
What is the thousands digit of 37779376?
9
What is the ten thousands digit of 3948154009?
5
What is the tens digit of 967415824?
2
What is the millions digit of 466356223?
6
What is the thousands digit of 2527194873?
4
What is the thousands digit of 30013089?
3
What is the hundreds digit of 3852799?
7
What is the hundred thousands digit of 71800740?
8
What is the hundreds digit of 542911424?
4
What is the billions digit of 1297715135?
1
What is the hundreds digit of 127373758?
7
What is the ten thousands digit of 2107943668?
4
What is the units digit of 181935838?
8
What is the thousands digit of 5226112997?
2
What is the hundred thousands digit of 3271764733?
7
What is the billions digit of 2466956110?
2
What is the units digit of 2602284945?
5
What is the units digit of 1739436962?
2
What is the thousands digit of 1045430884?
0
What is the thousands digit of 26714386?
4
What is the thousands digit of 45038639?
8
What is the ten thousands digit of 21787024?
8
What is the units digit of 730873705?
5
What is the ten millions digit of 174193617?
7
What is the units digit of 304327900?
0
What is the millions digit of 1324890476?
4
What is the hundreds digit of 55251010?
0
What is the hundred thousands digit of 480376270?
3
What is the thousands digit of 3229428231?
8
What is the hundreds digit of 831203714?
7
What is the hundreds digit of 1247888817?
8
What is the hundred thousands digit of 862139219?
1
What is the millions digit of 62253964?
2
What is the units digit of 887006730?
0
What is the millions digit of 658458274?
8
What is the ten millions digit of 154422431?
5
What is the ten millions digit of 4297074948?
9
What is the hundreds digit of 286722694?
6
What is the units digit of 2498576?
6
What is the units digit of 2609452103?
3
What is the billions digit of 2979946465?
2
What is the hundreds digit of 1572099583?
5
What is the tens digit of 102869370?
7
What is the thousands digit of 6157688009?
8
What is the hundred thousands digit of 4013960?
0
What is the hundred thousands digit of 74173010?
1
What is the tens digit of 33649325?
2
What is the ten thousands digit of 53070146?
7
What is the hundred thousands digit of 41330847?
3
What is the ten thousands digit of 55085684?
8
What is the ten millions digit of 129845893?
2
What is the tens digit of 229313128?
2
What is the millions digit of 324335693?
4
What is the units digit of 406236982?
2
What is the ten millions digit of 1081396597?
8
What is the hundred thousands digit of 40723477?
7
What is the ten thousands digit of 223352848?
5
What is the thousands digit of 74297480?
7
What is the hundred thousands digit of 102740129?
7
What is the thousands digit of 116218603?
8
What is the hundreds digit of 72742083?
0
What is the tens digit of 470712244?
4
What is the billions digit of 2755464411?
2
What is the millions digit of 28872882?
8
What is the thousands digit of 192314?
2
What is the hundred millions digit of 145880937?
1
What is the millions digit of 681547862?
1
What is the thousands digit of 54674920?
4
What is the ten millions digit of 18110855?
1
What is the hundred millions digit of 749751424?
7
What is the hundred millions digit of 200012367?
2
What is the ten millions digit of 66041877?
6
What is the hundred thousands digit of 30070361?
0
What is the ten millions digit of 343575428?
4
What is the ten millions digit of 101407873?
0
What is the tens digit of 1826046041?
4
What is the ten thousands digit of 871264179?
6
What is the ten millions digit of 389516373?
8
What is the hundred millions digit of 521581241?
5
What is the ten thousands digit of 72884229?
8
What is the units digit of 16934622?
2
What is the hundred thousands digit of 33841314?
8
What is the hundred thousands digit of 341307289?
3
What is the tens digit of 198851915?
1
What is the thousands digit of 192664273?
4
What is the ten millions digit of 97152471?
9
What is the ten millions digit of 33750031?
3
What is the thousands digit of 606345699?
5
What is the hundred millions digit of 728314028?
7
What is the hundreds digit of 65272923?
9
What is the hundreds digit of 40265578?
5
What is the hundreds digit of 419194399?
3
What is the units digit of 2692490957?
7
What is the thousands digit of 113176243?
6
What is the thousands digit of 95365382?
5
What is the ten thousands digit of 259169284?
6
What is the tens digit of 1421111999?
9
What is the thousands digit of 307128439?
8
What is the millions digit of 349097480?
9
What is the hundred millions digit of 167030234?
1
What is the hundred thousands digit of 148467179?
4
What is the hundred millions digit of 2837622615?
8
What is the ten thousands digit of 153705701?
0
What is the hundreds digit of 2571952333?
3
What is the ten millions digit of 291241091?
9
What is the tens digit of 215961259?
5
What is the tens digit of 1260050553?
5
What is the ten thousands digit of 403088877?
8
What is the hundreds digit of 143280135?
1
What is the hundred thousands digit of 3911747?
9
What is the units digit of 29482496?
6
What is the millions digit of 79876355?
9
What is the thousands digit of 7797212665?
2
What is the ten thousands digit of 4849875?
4
What is the thousands digit of 4400603?
0
What is the millions digit of 108131642?
8
What is the tens digit of 852629594?
9
What is the millions digit of 2016688513?
6
What is the millions digit of 3932667542?
2
What is the ten thousands digit of 1083864839?
6
What is the hundred millions digit of 789312079?
7
What is the hundred thousands digit of 150323981?
3
What is the hundreds digit of 2557272615?
6
What is the ten millions digit of 876972009?
7
What is the thousands digit of 12394738?
4
What is the units digit of 2539701964?
4
What is the millions digit of 7788817?
7
What is the tens digit of 152065229?
2
What is the hundred thousands digit of 1547059702?
0
What is the units digit of 57160233?
3
What is the ten thousands digit of 1542048549?
4
What is the tens digit of 100409632?
3
What is the hundreds digit of 88948378?
3
What is the hundred millions digit of 2063240382?
0
What is the thousands digit of 826603666?
3
What is the hundreds digit of 19099392?
3
What is the tens digit of 11403136?
3
What is the thousands digit of 11067425?
7
What is the ten millions digit of 28276969?
2
What is the ten millions digit of 1265726748?
6
What is the hundreds digit of 10973046?
0
What is the ten millions digit of 18827093?
1
What is the hundred millions digit of 8626129936?
6
What is the hundred thousands digit of 229415059?
4
What is the millions digit of 491449134?
1
What is the units digit of 38328027?
7
What is the ten millions digit of 46890929?
4
What is the ten thousands digit of 166043518?
4
What is the units digit of 1623607407?
7
What is the millions digit of 255276100?
5
What is the billions digit of 1260249567?
1
What is the millions digit of 20055062?
0
What is the hundred millions digit of 1291740779?
2
What is the hundred thousands digit of 91301806?
3
What is the millions digit of 1147712621?
7
What is the ten thousands digit of 116271467?
7
What is the millions digit of 2066198629?
6
What is the thousands digit of 5967338513?
8
What is the ten millions digit of 182413038?
8
What is the units digit of 213286697?
7
What is the ten thousands digit of 43242189?
4
What is the hundreds digit of 16470356?
3
What is the hundred millions digit of 111660918?
1
What is the hundred thousands digit of 103354542?
3
What is the billions digit of 4610865382?
4
What is the tens digit of 80718487?
8
What is the thousands digit of 2243615101?
5
What is the ten thousands digit of 168341529?
4
What is the hundred thousands digit of 18440567?
4
What is the hundreds digit of 136118779?
7
What is the thousands digit of 1959980843?
0
What is the hundred thousands digit of 124504445?
5
What is the tens digit of 2611934?
3
What is the hundreds digit of 4746853665?
6
What is the units digit of 3468429125?
5
What is the ten millions digit of 8355440710?
5
What is the units digit of 2601103329?
9
What is the tens digit of 379537863?
6
What is the billions digit of 1690935733?
1
What is the hundred thousands digit of 9455270?
4
What is the millions digit of